hen 44147 is divided by 2020.
1727
What is the remainder when 96727 is divided by 24153?
115
What is the remainder when 2781819 is divided by 1390890?
39
Calculate the remainder when 17677092 is divided by 259957.
16
Calculate the remainder when 92431228 is divided by 38.
28
What is the remainder when 930353 is divided by 90?
23
Calculate the remainder when 832512 is divided by 75682.
10
What is the remainder when 113389056 is divided by 71?
68
What is the remainder when 370603364 is divided by 25?
14
Calculate the remainder when 8168164 is divided by 429.
4
Calculate the remainder when 165536 is divided by 928.
352
Calculate the remainder when 101584254 is divided by 15.
9
Calculate the remainder when 73494 is divided by 6212.
5162
Calculate the remainder when 3534294 is divided by 5655.
5574
What is the remainder when 1641771 is divided by 501?
495
Calculate the remainder when 675161 is divided by 675140.
21
What is the remainder when 15614512 is divided by 93?
91
What is the remainder when 543936 is divided by 130?
16
What is the remainder when 2450854 is divided by 1225422?
10
Calculate the remainder when 5241278 is divided by 1747001.
275
What is the remainder when 7508553 is divided by 2502809?
126
What is the remainder when 548443 is divided by 5704?
859
Calculate the remainder when 416772 is divided by 1086.
834
What is the remainder when 22486500 is divided by 2303?
8
Calculate the remainder when 45721202 is divided by 511.
499
What is the remainder when 14776883 is divided by 48?
35
What is the remainder when 7456243 is divided by 535?
483
Calculate the remainder when 22324027 is divided by 401.
357
What is the remainder when 975010 is divided by 324995?
25
Calculate the remainder when 45804 is divided by 22564.
676
Calculate the remainder when 4084287 is divided by 301.
18
Calculate the remainder when 773770 is divided by 59514.
88
What is the remainder when 904681 is divided by 24?
1
What is the remainder when 150232228 is divided by 34?
32
What is the remainder when 197869 is divided by 32975?
19
Calculate the remainder when 20360702 is divided by 22.
10
What is the remainder when 12160 is divided by 6989?
5171
What is the remainder when 2987346 is divided by 17?
4
Calculate the remainder when 5186956 is divided by 1979.
1976
Calculate the remainder when 131784 is divided by 1453.
1014
What is the remainder when 158005585 is divided by 15?
10
Calculate the remainder when 20469928 is divided by 4795.
73
Calculate the remainder when 178203 is divided by 161.
137
What is the remainder when 610945 is divided by 134?
39
What is the remainder when 28198 is divided by 26569?
1629
What is the remainder when 116504616 is divided by 19?
17
Calculate the remainder when 15365530 is divided by 29.
25
What is the remainder when 1555548 is divided by 1032?
324
What is the remainder when 7346154 is divided by 4?
2
What is the remainder when 9302551 is divided by 351?
349
What is the remainder when 2821055 is divided by 4485?
4475
What is the remainder when 12508521 is divided by 416947?
111
Calculate the remainder when 12937 is divided by 269.
25
Calculate the remainder when 4545086 is divided by 122.
98
Calculate the remainder when 2648762 is divided by 1389.
1328
What is the remainder when 768772 is divided by 117?
82
Calculate the remainder when 619164 is divided by 600.
564
Calculate the remainder when 464673 is divided by 77414.
189
Calculate the remainder when 1749649 is divided by 3102.
121
Calculate the remainder when 27283 is divided by 4824.
3163
Calculate the remainder when 1189570 is divided by 3164.
3070
Calculate the remainder when 1226747 is divided by 1543.
62
Calculate the remainder when 1052883 is divided by 210572.
23
What is the remainder when 18274 is divided by 196?
46
Calculate the remainder when 128651 is divided by 8576.
11
Calculate the remainder when 2791653 is divided by 46.
5
Calculate the remainder when 82146583 is divided by 37.
34
What is the remainder when 5191880 is divided by 806?
434
Calculate the remainder when 852628 is divided by 29.
28
What is the remainder when 159741546 is divided by 71?
66
What is the remainder when 69071 is divided by 21652?
4115
Calculate the remainder when 157713 is divided by 813.
804
What is the remainder when 27236566 is divided by 3326?
3278
Calculate the remainder when 30652332 is divided by 326088.
60
Calculate the remainder when 6860655 is divided by 8.
7
What is the remainder when 131530 is divided by 3383?
2976
Calculate the remainder when 16491 is divided by 7602.
1287
Calculate the remainder when 1001939 is divided by 1001586.
353
Calculate the remainder when 170568343 is divided by 56856111.
10
What is the remainder when 6738279 is divided by 15?
9
What is the remainder when 82327138 is divided by 13?
10
Calculate the remainder when 238515 is divided by 3223.
13
What is the remainder when 4518775 is divided by 609?
604
Calculate the remainder when 12904 is divided by 4376.
4152
What is the remainder when 43069616 is divided by 21534801?
14
What is the remainder when 132789 is divided by 44251?
36
Calculate the remainder when 48580 is divided by 15771.
1267
Calculate the remainder when 226153184 is divided by 7242.
8
Calculate the remainder when 334100 is divided by 334058.
42
What is the remainder when 75298 is divided by 3137?
10
What is the remainder when 389173 is divided by 2993?
83
What is the remainder when 137361 is divided by 12?
9
Calculate the remainder when 83011 is divided by 40210.
2591
Calculate the remainder when 11308103 is divided by 1311.
728
Calculate the remainder when 12814181 is divided by 1455.
1451
Calculate the remainder when 29350 is divided by 9567.
649
What is the remainder when 9087587 is divided by 47?
43
Calculate the remainder when 9534254 is divided by 2383556.
30
Calculate the remainder when 25499229 is divided by 1056.
1053
What is the remainder when 3816 is divided by 3144?
672
Calculate the remainder when 2993111 is divided by 648.
647
Calculate the remainder when 224224 is divided by 1725.
1699
What is the remainder when 372163 is divided by 3906?
1093
Calculate the remainder when 18316475 is divided by 136.
131
Calculate the remainder when 2508016 is divided by 179123.
294
What is the remainder when 20961759 is divided by 97496?
119
Calculate the remainder when 198137454 is divided by 21.
18
What is the remainder when 477782 is divided by 47584?
1942
What is the remainder when 2064540 is divided by 2916?
12
What is the remainder when 44656 is divided by 11068?
384
What is the remainder when 1644701 is divided by 1373?
1220
What is the remainder when 2777537 is divided by 2033?
459
What is the remainder when 219577 is divided by 108073?
3431
What is the remainder when 20515243 is divided by 624?
619
Calculate the remainder when 12043466 is divided by 203.
85
Calculate the remainder when 329270 is divided by 36559.
239
Calculate the remainder when 158568 is divided by 1036.
60
Calculate the remainder when 425180 is divided by 53130.
140
What is the remainder when 1444495 is divided by 250?
245
What is the remainder when 222368 is divided by 107303?
7762
What is the remainder when 734702 is divided by 224?
206
Calculate the remainder when 950414 is divided by 372.
326
What is the remainder when 247450 is divided by 232?
138
What is the remainder when 23600 is divided by 2122?
258
Calculate the remainder when 260368 is divided by 1321.
131
What is the remainder when 1512968 is divided by 252143?
110
Calculate the remainder when 409905 is divided by 3.
0
What is the remainder when 4207798 is divided by 841524?
178
What is the remainder when 43525845 is divided by 1558?
1557
Calculate the remainder when 13932297 is divided by 66344.
57
Calculate the remainder when 3913953 is divided by 219.
204
Calculate the remainder when 78471 is divided by 6355.
2211
What is the remainder when 226712009 is divided by 226712001?
8
What is the remainder when 580151 is divided by 1415?
1
Calculate the remainder when 7876735 is divided by 414563.
38
What is the remainder when 1435625 is divided by 358903?
13
Calculate the remainder when 22164 is divided by 2533.
1900
Calculate the remainder when 82109 is divided by 1462.
237
Calculate the remainder when